{"id":1243,"date":"2024-05-20T10:43:10","date_gmt":"2024-05-20T08:43:10","guid":{"rendered":"https:\/\/controldeflotas.org\/?page_id=1243"},"modified":"2024-05-20T10:43:10","modified_gmt":"2024-05-20T08:43:10","slug":"aviso-legal-imprint","status":"publish","type":"page","link":"https:\/\/controldeflotas.org\/?page_id=1243","title":{"rendered":"Aviso Legal \/ Imprint"},"content":{"rendered":"\n<!-- Legal document generated by Complianz | GDPR\/CCPA Cookie Consent https:\/\/wordpress.org\/plugins\/complianz-gdpr -->\n<div id=\"cmplz-document\" class=\"cmplz-document impressum cmplz-document-all\"><p><i>Este aviso legal \/ imprint fue actualizado por \u00faltima vez el 11 junio, 2024.<\/i><\/p><p class=\"cmplz-subtitle\">El propietario de esta web es:<\/p><p>CONTROL DE FLOTAS SL SOCIEDAD LIMITADA<br>Afores s\/n<br \/>\nMas Hereuet<br>Espa\u00f1a<br>Correo electr\u00f3nico:&nbsp;&#108;&#117;&#105;&#115;t&#111;rre&#115;&#064;&#108;o&#099;a&#108;&#105;&#122;&#097;&#099;&#105;on&#102;&#108;otas&#046;c&#111;m<br>N\u00famero de tel\u00e9fono: 685920639<br>CIF (N\u00famero de IVA):&nbsp;B55707715<\/p><p class=\"cmplz-subtitle\">El\/Los representante\/s legal\/es de CONTROL DE FLOTAS SL SOCIEDAD LIMITADA:<\/p><p>Luis Torres Fernandez<\/p><h2>1. General<\/h2><p class=\"cmplz-subtitle\">1.1 Estamos registrados en Camara de Comercio bajo el n\u00famero de licencia o registro:<\/p><p><\/p><p>No estamos dispuestos ni obligados a participar en procedimientos de resoluci\u00f3n de conflictos ante una junta de arbitraje de consumo.<\/p><\/div>","protected":false},"excerpt":{"rendered":"","protected":false},"author":1,"featured_media":0,"parent":0,"menu_order":0,"comment_status":"closed","ping_status":"closed","template":"","meta":{"footnotes":""},"_links":{"self":[{"href":"https:\/\/controldeflotas.org\/index.php?rest_route=\/wp\/v2\/pages\/1243"}],"collection":[{"href":"https:\/\/controldeflotas.org\/index.php?rest_route=\/wp\/v2\/pages"}],"about":[{"href":"https:\/\/controldeflotas.org\/index.php?rest_route=\/wp\/v2\/types\/page"}],"author":[{"embeddable":true,"href":"https:\/\/controldeflotas.org\/index.php?rest_route=\/wp\/v2\/users\/1"}],"replies":[{"embeddable":true,"href":"https:\/\/controldeflotas.org\/index.php?rest_route=%2Fwp%2Fv2%2Fcomments&post=1243"}],"version-history":[{"count":0,"href":"https:\/\/controldeflotas.org\/index.php?rest_route=\/wp\/v2\/pages\/1243\/revisions"}],"wp:attachment":[{"href":"https:\/\/controldeflotas.org\/index.php?rest_route=%2Fwp%2Fv2%2Fmedia&parent=1243"}],"curies":[{"name":"wp","href":"https:\/\/api.w.org\/{rel}","templated":true}]}}